1*(10/4 + (-2)/4). List the prime factors of (-1184)/(-6) - t/(-66).
197
Let w(q) be the third derivative of 7*q**5/15 + 11*q**4/12 - 5*q**3/2 + 45*q**2. List the prime factors of w(6).
3, 5
Suppose -10*c = -6*c, 0 = -4*i - c + 77388. What are the prime factors of i?
3, 6449
Let z(d) = -d**2 + 7*d. Let f be z(6). Let n be 4 + -1 + f + -66. List the prime factors of (n/(-4))/((-3)/(-8)).
2, 19
Let r be (-813)/(-1)*((-50)/(-15) + -3). Suppose 4*k - 3*l = 1273, 5*l = 5*k - 1314 - r. What are the prime factors of k?
2, 7, 23
What are the prime factors of (-5 + 1 + 396/(-165))*-2220?
2, 3, 37
Let s = 3497 - 1965. What are the prime factors of s?
2, 383
Suppose 9037*o - 9044*o + 18613 = 0. What are the prime factors of o?
2659
Suppose -7*m - 76 + 496 = 0. What are the prime factors of 2385/m*((-14)/(-3) - 2)?
2, 53
Let i(j) = -j**3 + 52*j**2 - 10*j - 501. What are the prime factors of i(49)?
2, 1553
Suppose 373629 = 51*q - 62982. What are the prime factors of q?
7, 1223
Suppose 41942 = 12*y - 9*y - y. List the prime factors of y.
67, 313
Suppose 11 = 3*z - 61. Let d(h) = h + 31. Let t be d(-10). Let r = t + z. What are the prime factors of r?
3, 5
Suppose 0*w = 2*w + 2. Let o be 65 + w + (6 - (5 + 4)). Suppose i - o = 37. What are the prime factors of i?
2, 7
Let w = 58 - -128. Let p(d) = d + 5. Let h be p(-5). Suppose h = -6*l + w - 36. What are the prime factors of l?
5
Let s = -5181 + 7887. List the prime factors of s.
2, 3, 11, 41
Let j be (0/1)/(-2) - -4. Suppose -2*a + 28 = -5*w, 9*w = -5*a + j*w. What are the prime factors of a/5*(-150)/(-20)?
2, 3
Suppose n - 1 = -6. Let m be 12*(n - (-32)/6). Suppose -4*t = -3*x + 345, 5*x = -0*t - m*t + 575. What are the prime factors of x?
5, 23
Let f(q) = q**3 + q**2 - 3*q - 2. Let x be f(-2). Let t(u) = 9*u + 5. Let d be t(x). Suppose 288 - 59 = d*o - 2*k, -4*k = -12. List the prime factors of o.
47
Let t = 30395 - 13393. List the prime factors of t.
2, 8501
Let o(v) = -v**3 + 2*v - 5. Let r be o(0). Let l be -6 - (r + 5)/4. List the prime factors of (-106)/(2*(l - -5)).
53
Let i = 18499 - 12427. What are the prime factors of i?
2, 3, 11, 23
Let t = -233 - -721. Suppose -10*k = 2*q - 5*k - t, -4*k = 5*q - 1220. List the prime factors of q.
2, 61
Let a = -283 - -282. List the prime factors of 50/40*(a - -5)*23.
5, 23
Let m = -6843 + 11104. What are the prime factors of m?
4261
Suppose 66*s + 354412 - 1749652 = 0. What are the prime factors of s?
2, 5, 7, 151
Suppose -4*w - 62 = -6*w + 4*m, 4*w + m = 133. Suppose 48 = 3*g - 27. Let n = w + g. What are the prime factors of n?
2, 29
Let l(k) = 5*k**3 + 3*k**2 + 66*k - 275. What are the prime factors of l(19)?
3, 12119
Let f = 13664 + -13670. Let y(a) = -2*a**2 + a + 10. Let h(s) = -3*s**2 + 11. Let v(l) = -3*h(l) + 2*y(l). What are the prime factors of v(f)?
5, 31
Let z(g) = 2326*g - 93. List the prime factors of z(8).
5, 7, 23
Let d = -3 + 5. Let l be 404 + 7 + 4 + (8 - 2). Suppose -2*k + 7*b - 3*b = -302, -3*k + l = d*b. What are the prime factors of k?
11, 13
Let j(c) be the first derivative of 8*c**3/3 + 23*c**2/2 - 4*c + 58. List the prime factors of j(-13).
1049
Let y = -55 - -101. Let b = 32 + y. Suppose b = -p + 82. List the prime factors of p.
2
Suppose -3*b + 0 = 2*d - 1, 3*b = 2*d - 7. Suppose -4*x + d*x + 42 = 2*q, 0 = -5*x + 15. Suppose q = l - 46. What are the prime factors of l?
2
Suppose -3*v + 10*b + 123407 = 0, 69*v + 41166 = 70*v + b. What are the prime factors of v?
79, 521
Suppose -3*g + 331*a = 333*a - 14402, a - 7 = 0. List the prime factors of g.
2, 11, 109
Let s be (-39)/(-78) + (-186)/(-4). Let l = 422 - s. What are the prime factors of l?
3, 5
Suppose 1 + 4 = p + 2*s, -4*p + s = -38. Suppose 3*o + 150 = p*o. Suppose k = 87 + o. List the prime factors of k.
2, 7
Suppose 436889 - 177557 + 364935 = 21*d. List the prime factors of d.
3, 367
Let n(l) = l**2 + 1. Let w(m) be the second derivative of 5*m**4/12 - 4*m**3 - 7*m**2/2 - 18*m. Let g(z) = -6*n(z) + w(z). List the prime factors of g(-19).
2, 41
Let b be -1 - (-3 + 0/(-5 - -1)). Suppose 4*p = -b*m + 1154, -175 - 974 = -4*p - 3*m. List the prime factors of p.
3, 97
Suppose -21*l = 4*c - 22*l - 12199, -c = -5*l - 3045. List the prime factors of c.
2, 5, 61
Suppose -7*x - 34 = -10*x + 4*w, -4*x + 4*w + 44 = 0. Let g = 128 + x. What are the prime factors of g?
2, 3, 23
Suppose -z - 92 = -97. Suppose -w - 2*k + 160 = 0, -4*k = -z*w - 3*k + 844. What are the prime factors of w?
2, 3, 7
Let t(x) = x**3 - 4*x**2 + 8*x - 12. Let g be t(4). Let h be (-19)/(-4) - (-5)/g. Let z(b) = 4*b + 1. List the prime factors of z(h).
3, 7
Let x = 11196 - -3136. List the prime factors of x.
2, 3583
Let d(l) = 257*l + 21. Let t be d(5). Suppose 5*z = t + 374. Suppose 5*a = 4*k + 562, 3*a - 3*k = -0*a + z. List the prime factors of a.
2, 3, 19
Let p(q) = q**3 + q**2 - 5*q - 8. Let a(g) = -g**3 - 12*g**2 + 15*g + 24. Let t be a(-13). Let i be p(t). Let k = 67 - i. List the prime factors of k.
3, 23
Suppose -8*y - 29704 + 5072 = 0. Let j = -2189 - y. What are the prime factors of j?
2, 5, 89
Suppose 12*l + 100 = 8*l + 5*g, 4*l = 4*g - 96. Let j = -25 - -15. List the prime factors of 106*(4/j)/(l/75).
3, 53
Let o = 91 + -102. List the prime factors of 15*o/(231/(-574)).
2, 5, 41
Let w(h) be the third derivative of -3*h**4/8 + 29*h**3/6 - 11*h**2 + 3*h. Let r = -1 + -11. List the prime factors of w(r).
137
Let k = -1341 - -41312. What are the prime factors of k?
39971
Let u(v) = -2*v**3 - 7*v**2 + 18. Suppose -8*f = -9*f - 5, -18 = -y + 5*f. List the prime factors of u(y).
19
Suppose -41*n + 35*n + 24 = 0. Let g be 5 + (-1*n - (-20)/5). What are the prime factors of 0/(g/(-1)) - -206?
2, 103
Let z(g) = g**2 - g + 19. Let u(d) = -d**2 - 19. Let k be (-3)/6 + 2/((-12)/(-27)). Let n(o) = k*z(o) + 3*u(o). List the prime factors of n(8).
3, 17
Let w = 160 - 76. Suppose 2*z = 1432 + w. List the prime factors of z.
2, 379
Let n = 32 + -23. Let w(h) = 2*h + 1. Let z be w(n). Suppose -1019 - z = -6*s. What are the prime factors of s?
173
Let m(x) be the third derivative of 1/12*x**4 + 1/12*x**5 + 1/120*x**6 - 2/3*x**3 + 0*x + 0 - 6*x**2. What are the prime factors of m(-4)?
2
Let g(z) = -2868*z + 2*z**3 - 35 - z**3 + 2838*z - 23*z**2. List the prime factors of g(25).
3, 5, 31
Let t(o) = -o**3 + 26*o**2 + 14*o - 20. List the prime factors of t(16).
2, 691
Let n(j) be the second derivative of j**4/2 + j**3 - 12*j**2 - 7*j - 6. List the prime factors of n(-8).
2, 3, 13
Let i(d) be the first derivative of -d**4/4 + 2*d**3/3 + 3*d**2/2 + 247*d - 89. List the prime factors of i(0).
13, 19
Let l be 67620/8 - (-5)/(-10). Suppose -4*c - 5*y - 2632 = -l, 3*c = -5*y + 4360. List the prime factors of c.
2, 5, 73
Let c(g) = -172*g + 21. Let t be c(-3). Suppose t = 3*l - 54. List the prime factors of l.
197
Let q(c) = -c**2 + 19*c - 8. Let x be q(12). Suppose x = 6*i + 28. Let o = i + 0. List the prime factors of o.
2
Let d(q) = 66*q - 64. Let l be d(1). Suppose -4*c + 6616 = 4*v, -l*v + 523 - 2174 = -c. What are the prime factors of c?
3, 19, 29
Suppose g + 48 = 230. Suppose g*x = 177*x + 1910. List the prime factors of x.
2, 191
Let n = 8688 - -9726. List the prime factors of n.
2, 3, 11, 31
Let b = -17 - 3. List the prime factors of (b/(-25))/(33222/11070 - 3).
2, 3, 41
Suppose -2*i - 495 = i. Let p = i + 647. List the prime factors of p.
2, 241
Suppose -k = 17*i - 20*i - 10477, 5*k + 3*i = 52439. List the prime factors of k.
2, 7, 107
Let l(h) = -h**3 - 2*h**2 + 15*h - 210. What are the prime factors of l(-22)?
2, 5, 457
Let d = 279 + -243. What are the prime factors of -188*1/(d/(-243))?
3, 47
Suppose 13*t - 117 = 8*t + 4*q, 0 = -3*t + 4*q + 67. What are the prime factors of 1310/t*10/1?
2, 131
Let z(n) be the third derivative of 2*n**5/15 + 5*n**4/6 - 11*n**3/3 - 2*n**2 + 35. What are the prime factors of z(6)?
2, 193
What are the prime factors of (-14 + 129/(-6))*2*5*-33?
3, 5, 11, 71
Let c(y) = 25*y**2 - 40*y - 583. List the prime factors of c(-33).
2, 11, 31, 41
Suppose -5*z - 7256 = -2*n + 16087, -5*n + 4*z = -58332. What are the prime factors of n?
2, 3
Suppose 5*k - 3592 - 15903 = -4*w, -3*w = -3*k + 11670. What are the prime factors of k?
5, 19, 41
What are the prime factors of ((-225)/27 - -10) + 102988/12 + -3?
